e 16) to base 9.
-1465477
Convert -32235867 (base 9) to base 13.
-32b7809
Convert -155121 (base 10) to base 5.
-14430441
-11001101010110011111 (base 2) to base 9
-1521716
What is 27381a (base 14) in base 11?
845629
What is -10101111001010000011010 (base 2) in base 14?
-a95958
Convert -450948 (base 10) to base 5.
-103412243
Convert -103233002020 (base 4) to base 2.
-10011101111000010001000
What is -1b6b4 (base 15) in base 13?
-3182b
-31b0a5a (base 12) to base 5
-4403431030
-143d1 (base 14) to base 8
-141763
What is -1606864 (base 11) in base 4?
-22132220023
Convert 29559 (base 13) to base 9.
127660
What is -104100550 (base 7) in base 13?
-13abbc4
Convert 12200011122021 (base 3) to base 11.
177a141
Convert 34007 (base 14) to base 11.
86926
Convert -40b33 (base 12) to base 3.
-11022000010
What is -313222034 (base 5) in base 14?
-25d64c
What is 20020112012211 (base 3) in base 11?
1966212
What is 633330 (base 7) in base 8?
325272
Convert -1113013214 (base 5) to base 12.
-9b1355
Convert -2343031413 (base 5) to base 8.
-24600170
Convert -42144646 (base 7) to base 13.
-9773a1
Convert -220222121121 (base 3) to base 10.
-491794
What is 1aff9d (base 16) in base 13?
49c488
What is 1215303 (base 6) in base 15?
14280
Convert 1510e5 (base 15) to base 16.
f811a
220400304 (base 5) to base 8
3477477
What is 143023233 (base 5) in base 12?
303011
Convert -1002120220212 (base 3) to base 7.
-4643666
9058602 (base 10) to base 11
5127953
-1252221443 (base 6) to base 5
-12311322301
What is -11023015 (base 7) in base 6?
-32144231
Convert -16a8466 (base 14) to base 11.
-6335306
What is -1000110001001001100 (base 2) in base 9?
-477101
-457565 (base 8) to base 7
-1215244
b1641 (base 15) to base 4
2021013331
What is -1000111100000100000011 (base 2) in base 13?
-6406bc
Convert 1888268 (base 10) to base 15.
274748
5a1a (base 14) to base 3
210112122
Convert -1120021011 (base 3) to base 9.
-46234
Convert 474862 (base 9) to base 11.
185757
-111000000100110001001 (base 2) to base 9
-3410450
Convert 1411505 (base 9) to base 7.
6406313
What is b736 (base 12) in base 13?
918c
-20245 (base 16) to base 10
-131653
-330402002 (base 5) to base 8
-5323372
Convert 20968 (base 12) to base 15.
ca68
Convert 3205498 (base 10) to base 2.
1100001110100101111010
What is 313aa (base 12) in base 11?
44505
What is 1111011011101101 (base 2) in base 14?
19073
-18c61b (base 16) to base 11
-a09901
What is -b6a98a (base 14) in base 13?
-1383092
6022506 (base 7) to base 16
adbd1
-8448a (base 13) to base 16
-3a1f2
20bc71 (base 16) to base 4
20023301301
12242421 (base 5) to base 3
20000112101
Convert ba6a4 (base 15) to base 14.
115b0d
Convert -22201223223 (base 4) to base 9.
-5165163
What is -1633352 (base 8) in base 3?
-220000120111
1052115 (base 6) to base 16
d16f
Convert 5cc31 (base 15) to base 11.
192739
-604126 (base 7) to base 3
-12012022021
312330100 (base 4) to base 7
1625044
What is -22b225 (base 12) in base 7?
-4514111
-42040613 (base 8) to base 9
-17720181
Convert -15132311 (base 6) to base 4.
-2000101303
-49409 (base 10) to base 13
-19649
Convert -10001111111001010110011 (base 2) to base 7.
-55035621
Convert 5510544 (base 6) to base 15.
56144
Convert -410020 (base 13) to base 10.
-1513759
4136222 (base 7) to base 14
cd082
100213322 (base 4) to base 15
15295
What is 100000111001110111 (base 2) in base 12?
65bb3
What is 58036 (base 14) in base 2?
110100010001000000
14613566 (base 8) to base 7
40313634
What is -3c4f7 (base 16) in base 14?
-66051
What is 57006 (base 9) in base 11?
26538
-89187 (base 11) to base 9
-216352
-2d12b (base 14) to base 15
-2360e
What is b81414 (base 12) in base 15?
3c5caa
What is 3613a (base 14) in base 16?
20378
Convert 2822b2 (base 12) to base 14.
135338
What is 106312002 (base 7) in base 3?
110021110112020
132232043 (base 5) to base 13
1a36aa
What is -212a1a (base 11) in base 12?
-145164
-4042441 (base 5) to base 8
-177533
Convert 186657 (base 9) to base 8.
343341
What is -646047 (base 8) in base 14?
-58a7d
Convert 2112413012 (base 5) to base 15.
5c4857
Convert -10010110100011001011001 (base 2) to base 5.
-2230330314
Convert c259 (base 15) to base 7.
230430
Convert 4557510 (base 8) to base 10.
1236808
What is 1101111011011101110101 (base 2) in base 5?
1413321240
38ee (base 15) to base 6
132125
Convert 170d313 (base 14) to base 2.
101011001110010000010101
Convert -262231 (base 8) to base 15.
-1c0ae
-1b9255 (base 12) to base 2
-1111000010100100001
2306311 (base 7) to base 13
a1098
-44421423 (base 5) to base 11
-246286
-110000111010111100101 (base 2) to base 14
-2da2b3
Convert 227654 (base 12) to base 7.
4456540
What is 2562636 (base 7) in base 13?
b9499
23110202 (base 4) to base 5
2440440
Convert -1342357 (base 9) to base 6.
-23442041
Convert -1196427 (base 10) to base 5.
-301241202
-10110102021222 (base 3) to base 12
-748115
5011236 (base 7) to base 10
591114
Convert -40654561 (base 8) to base 9.
-17170100
What is 1b89240 (base 14) in base 8?
64436230
What is -10110001001000101011 (base 2) in base 3?
-1100212021010
332025 (base 6) to base 3
1101221122
Convert -100111000000010001101 (base 2) to base 10.
-1278093
Convert -1167601 (base 9) to base 11.
-3a4469
Convert -22112021221 (base 3) to base 7.
-1266313
3306422 (base 8) to base 10
888082
4442422044 (base 5) to base 11
5548417
124930 (base 13) to base 3
211021212111
What is -1035001 (base 6) in base 14?
-14b57
Convert -75683 (base 10) to base 16.
-127a3
Convert 737546 (base 8) to base 6.
5133022
Convert -145228 (base 10) to base 11.
-9a126
What is 1445497 (base 14) in base 9?
20471421
What is 1010101101111111000111 (base 2) in base 11?
164a053
Convert 25400165 (base 7) to base 11.
1333023
What is -50429 (base 13) in base 7?
-1135262
40211102 (base 5) to base 3
121020022100
-222202010021 (base 3) to base 15
-a5ea1
-21331021332 (base 4) to base 7
-31116501
3f6b51 (base 16) to base 5
2030444431
Convert 223110110032 (base 4) to base 12.
39774ba
What is -129b46 (base 13) in base 10?
-450105
112212210002 (base 3) to base 11
190071
What is -4235004 (base 6) in base 15?
-4159d
6b2a65 (base 12) to base 2
110100101011001101101
What is 20055 (base 7) in base 3?
20122100
What is -21b750 (base 12) in base 4?
-2003131230
What is 110132021202 (base 4) in base 11?
3035919
-19240 (base 15) to base 10
-81510
103647 (base 10) to base 2
11001010011011111
What is 614348 (base 9) in base 6?
11445242
Convert 404979 (base 10) to base 8.
1426763
-2022012313 (base 4) to base 10
-565687
Convert -19a722 (base 14) to base 2.
-11011110110000011010
-e4f38 (base 16) to base 8
-3447470
Convert 13146443 (base 7) to base 8.
4461702
Convert 10032135 (base 6) to base 3.
112110000012
What is -26b71 (base 12) in base 6?
-1051421
112bd1 (base 15) to base 7
6651661
Convert b82c (base 16) to base 4.
23200230
Convert 11121114 (base 5) to base 3.
11222211011
1100010101000010011011 (base 2) to base 6
153134255
25350212 (base 6) to base 11
5123a9
Convert -1016609 (base 10) to base 11.
-634880
-1196f3 (base 16) to base 6
-40412455
What is -1537 (base 8) in base 4?
-31133
What is -172132 (base 10) in base 14?
-46a32
Convert 32230203131 (base 4) to base 16.
3ac8dd
What is -33766 (base 14) in base 5?
-12444232
-27a603 (base 15) to base 7
-22135230
4069c (base 13) to base 6
2250111
-1013023221222 (base 4) to base 10
-18659946
What is -179961 (base 10) in base 12?
-88189
131104521 (base 6) to base 9
4754104
Convert -7aa7e (base 15) to base 7.
-3214316
506805 (base 9) to base 4
1021103300
What is 745341 (base 8) in base 10?
248545
114500542 (base 6) to base 11
1262902
Convert 25358 (base 11) to base 9.
54783
Convert 13734 (base 8) to base 13.
2a1b
Convert 1013012341 (base 5) to base 16.
1fb978
-204242311 (base 5) to base 11
-532821
What is acd6 (base 14) in base 8?
72434
-b043 (base 13) to base 8
-57236
What is 331212020 (base 6) in base 16?
5aad4c
Convert -223345 (base 8) to base 4.
-102123211
Convert 100011001110111 (base 2) to base 10.
18039
-10861076 (base 9) to base 8
-24146645
1001002102010 (base 3) to base 9
1032363
Convert -2a2aaa (base 15) to base 13.
-562b5b
Convert 400411244 (base 5) to base 10.
1575824
51a485 (base 11) to base 14
179bdd
Convert -171c1 (base 15) to base 11.
-510aa
-6424205 (base 8) to base 11
-a70a93
-267714 (base 11) to base 14
-ad171
Co